{"id":1795,"date":"2022-06-09T11:39:32","date_gmt":"2022-06-09T11:39:32","guid":{"rendered":"https:\/\/andalbrok.es\/fepan\/?page_id=1795"},"modified":"2023-07-18T12:24:28","modified_gmt":"2023-07-18T12:24:28","slug":"asanitaria-empresas","status":"publish","type":"page","link":"https:\/\/andalbrok.es\/fepan\/asanitaria-empresas\/","title":{"rendered":"Asistencia Sanitaria empresas"},"content":{"rendered":"\t\t<div data-elementor-type=\"wp-page\" data-elementor-id=\"1795\" class=\"elementor elementor-1795\" data-elementor-post-type=\"page\">\n\t\t\t\t\t\t<section class=\"elementor-section elementor-top-section elementor-element elementor-element-0f59b22 elementor-section-height-min-height elementor-section-content-middle elementor-section-boxed elementor-section-height-default elementor-section-items-middle\" data-id=\"0f59b22\" data-element_type=\"section\" data-e-type=\"section\" data-settings=\"{&quot;background_background&quot;:&quot;classic&quot;}\">\n\t\t\t\t\t\t\t<div class=\"elementor-background-overlay\"><\/div>\n\t\t\t\t\t\t\t<div class=\"elementor-container elementor-column-gap-extended\">\n\t\t\t\t\t<div class=\"elementor-column elementor-col-100 elementor-top-column elementor-element elementor-element-c071ba3\" data-id=\"c071ba3\" data-element_type=\"column\" data-e-type=\"column\">\n\t\t\t<div class=\"elementor-widget-wrap elementor-element-populated\">\n\t\t\t\t\t\t<div class=\"elementor-element elementor-element-5f297d2 elementor-widget elementor-widget-heading\" data-id=\"5f297d2\" data-element_type=\"widget\" data-e-type=\"widget\" data-widget_type=\"heading.default\">\n\t\t\t\t<div class=\"elementor-widget-container\">\n\t\t\t\t\t<h2 class=\"elementor-heading-title elementor-size-default\">P\u00d3LIZA DE ASISTENCIA SANITARIA<br>COBERTURA COMPLETA<\/h2>\t\t\t\t<\/div>\n\t\t\t\t<\/div>\n\t\t\t\t<div class=\"elementor-element elementor-element-e19990f elementor-widget elementor-widget-text-editor\" data-id=\"e19990f\" data-element_type=\"widget\" data-e-type=\"widget\" data-widget_type=\"text-editor.default\">\n\t\t\t\t<div class=\"elementor-widget-container\">\n\t\t\t\t\t\t\t\t\t<p>Oferta exclusiva de <b>Seguro de Asistencia Sanitaria<\/b> para FEPAN, Fabricantes de Pan de Sevilla y Provincia<\/p>\t\t\t\t\t\t\t\t<\/div>\n\t\t\t\t<\/div>\n\t\t\t\t\t<\/div>\n\t\t<\/div>\n\t\t\t\t\t<\/div>\n\t\t<\/section>\n\t\t\t\t<section class=\"elementor-section elementor-top-section elementor-element elementor-element-4e678a3 elementor-section-content-top elementor-section-boxed elementor-section-height-default elementor-section-height-default\" data-id=\"4e678a3\" data-element_type=\"section\" data-e-type=\"section\">\n\t\t\t\t\t\t<div class=\"elementor-container elementor-column-gap-wider\">\n\t\t\t\t\t<div class=\"elementor-column elementor-col-50 elementor-top-column elementor-element elementor-element-77a24b9\" data-id=\"77a24b9\" data-element_type=\"column\" data-e-type=\"column\">\n\t\t\t<div class=\"elementor-widget-wrap elementor-element-populated\">\n\t\t\t\t\t\t<div class=\"elementor-element elementor-element-63e1721 elementor-widget elementor-widget-text-editor\" data-id=\"63e1721\" data-element_type=\"widget\" data-e-type=\"widget\" data-widget_type=\"text-editor.default\">\n\t\t\t\t<div class=\"elementor-widget-container\">\n\t\t\t\t\t\t\t\t\t<div style=\"color: #2f4999;\"><p><span style=\"color: #faab60;\"><strong>OFERTA DE SEGURO DE SALUD (Contrataci\u00f3n empresas)<\/strong><\/span><\/p><p><span style=\"color: #faab60;\"><strong>Asistencia Sanitaria Cuadro M\u00e9dico.<\/strong><\/span><\/p><\/div><ul><li><strong>Sin Copagos<\/strong>.<\/li><li><strong>Urgencias hospitalarias y ambulatorias.<\/strong><\/li><li><strong>Medicina general<\/strong> y Enfermer\u00eda<\/li><li><strong>Especialidades M\u00e9dicas<\/strong>.<\/li><li><strong>Pruebas diagn\u00f3sticas<\/strong>, incluidas las de alta tecnolog\u00eda.<\/li><li><b>Desgravaci\u00f3n fiscal<\/b>.<\/li><\/ul><p>Oferta extensible a C\u00f3nyuges o parejas de hecho e hijos que convivan en el mismo domicilio.<\/p><p>Edad m\u00e1xima de contrataci\u00f3n: 60 a\u00f1os<\/p>\t\t\t\t\t\t\t\t<\/div>\n\t\t\t\t<\/div>\n\t\t\t\t\t<\/div>\n\t\t<\/div>\n\t\t\t\t<div class=\"elementor-column elementor-col-50 elementor-top-column elementor-element elementor-element-05ea6e2\" data-id=\"05ea6e2\" data-element_type=\"column\" data-e-type=\"column\" id=\"caser\">\n\t\t\t<div class=\"elementor-widget-wrap elementor-element-populated\">\n\t\t\t\t\t\t<div class=\"elementor-element elementor-element-0d0f70d elementor-widget elementor-widget-text-editor\" data-id=\"0d0f70d\" data-element_type=\"widget\" data-e-type=\"widget\" data-widget_type=\"text-editor.default\">\n\t\t\t\t<div class=\"elementor-widget-container\">\n\t\t\t\t\t\t\t\t\t<p>Oferta V\u00e1lida para contrataciones de empresas<\/p>\t\t\t\t\t\t\t\t<\/div>\n\t\t\t\t<\/div>\n\t\t\t\t<div class=\"elementor-element elementor-element-9e5b0fa tabla-blanca elementor-widget elementor-widget-html\" data-id=\"9e5b0fa\" data-element_type=\"widget\" data-e-type=\"widget\" data-widget_type=\"html.default\">\n\t\t\t\t<div class=\"elementor-widget-container\">\n\t\t\t\t\t<table>\r\n\r\n  <tr class=\"encabezado-tabla\">\r\n\r\n    <th style=\"border-width: 1px;border: solid; border-color: #ffffff;\">Edad<\/th>\r\n\r\n    <th style=\"border-width: 1px;border: solid; border-color: #ffffff;\">Precio por asegurado<\/th>\r\n  <\/tr>\r\n\r\n  <tr>\r\n\r\n    <td style=\"border-width: 1px;border: solid; border-color: #ffffff;\"><FONT COLOR=\"ffffFF\">0 - 60 a\u00f1os<\/font><\/td>\r\n\r\n     <td style=\"border-width: 1px;border: solid; border-color: #ffffff;\"><FONT COLOR=\"ffffFF\">39,50 \u20ac\/mes<\/font><\/td>\r\n\r\n  <\/tr>\r\n  \r\n   \r\n  \r\n   \r\n <\/table>\r\n<center><font color=\"#FFffff\"> Primas v\u00e1lidas hasta el 31\/12\/2023 *Consultar condiciones de contrataci\u00f3n<\/center><\/font>\r\n\r\n\t\t\t\t<\/div>\n\t\t\t\t<\/div>\n\t\t\t\t\t<\/div>\n\t\t<\/div>\n\t\t\t\t\t<\/div>\n\t\t<\/section>\n\t\t\t\t<section class=\"elementor-section elementor-top-section elementor-element elementor-element-7d17ec4 elementor-section-content-middle elementor-section-boxed elementor-section-height-default elementor-section-height-default\" data-id=\"7d17ec4\" data-element_type=\"section\" data-e-type=\"section\" data-settings=\"{&quot;background_background&quot;:&quot;classic&quot;}\">\n\t\t\t\t\t\t\t<div class=\"elementor-background-overlay\"><\/div>\n\t\t\t\t\t\t\t<div class=\"elementor-container elementor-column-gap-wider\">\n\t\t\t\t\t<div class=\"elementor-column elementor-col-100 elementor-top-column elementor-element elementor-element-9e071ca\" data-id=\"9e071ca\" data-element_type=\"column\" data-e-type=\"column\">\n\t\t\t<div class=\"elementor-widget-wrap elementor-element-populated\">\n\t\t\t\t\t\t<div class=\"elementor-element elementor-element-1c21b3f elementor-widget elementor-widget-heading\" data-id=\"1c21b3f\" data-element_type=\"widget\" data-e-type=\"widget\" data-widget_type=\"heading.default\">\n\t\t\t\t<div class=\"elementor-widget-container\">\n\t\t\t\t\t<h2 class=\"elementor-heading-title elementor-size-default\">CONTRATARLO ES MUY F\u00c1CIL<\/h2>\t\t\t\t<\/div>\n\t\t\t\t<\/div>\n\t\t\t\t<div class=\"elementor-element elementor-element-2c6d855 elementor-widget elementor-widget-text-editor\" data-id=\"2c6d855\" data-element_type=\"widget\" data-e-type=\"widget\" data-widget_type=\"text-editor.default\">\n\t\t\t\t<div class=\"elementor-widget-container\">\n\t\t\t\t\t\t\t\t\t<p>Tan solo tienes que dejarnos tus datos en el formulario de contacto adjunto o enviarnos un mail a <a class=\"blanco\" href=\"mailto:salud@andalbrok.es\"><strong>comunicacion@andalbrok.es<\/strong><\/a> y uno de nuestros asesores te har\u00e1 llegar un plan de aseguramiento personalizado para tu empresa.<\/p>\t\t\t\t\t\t\t\t<\/div>\n\t\t\t\t<\/div>\n\t\t\t\t\t<\/div>\n\t\t<\/div>\n\t\t\t\t\t<\/div>\n\t\t<\/section>\n\t\t\t\t<section class=\"elementor-section elementor-top-section elementor-element elementor-element-bc93c49 elementor-section-boxed elementor-section-height-default elementor-section-height-default\" data-id=\"bc93c49\" data-element_type=\"section\" data-e-type=\"section\" id=\"contacto\" data-settings=\"{&quot;background_background&quot;:&quot;classic&quot;,&quot;shape_divider_top&quot;:&quot;arrow&quot;}\">\n\t\t\t\t\t<div class=\"elementor-shape elementor-shape-top\" aria-hidden=\"true\" data-negative=\"false\">\n\t\t\t<svg xmlns=\"http:\/\/www.w3.org\/2000\/svg\" viewBox=\"0 0 700 10\" preserveAspectRatio=\"none\">\n\t<path class=\"elementor-shape-fill\" d=\"M350,10L340,0h20L350,10z\"\/>\n<\/svg>\t\t<\/div>\n\t\t\t\t\t<div class=\"elementor-container elementor-column-gap-default\">\n\t\t\t\t\t<div class=\"elementor-column elementor-col-100 elementor-top-column elementor-element elementor-element-b55e16b\" data-id=\"b55e16b\" data-element_type=\"column\" data-e-type=\"column\" data-settings=\"{&quot;background_background&quot;:&quot;classic&quot;}\">\n\t\t\t<div class=\"elementor-widget-wrap elementor-element-populated\">\n\t\t\t\t\t\t<div class=\"elementor-element elementor-element-8964460 eael-contact-form-7-button-align-left eael-contact-form-7-button-custom elementor-widget elementor-widget-eael-contact-form-7\" data-id=\"8964460\" data-element_type=\"widget\" data-e-type=\"widget\" data-widget_type=\"eael-contact-form-7.default\">\n\t\t\t\t<div class=\"elementor-widget-container\">\n\t\t\t\t\t<div class=\"eael-contact-form-7-wrapper\">\n                <div class=\"eael-contact-form eael-contact-form-7 eael-contact-form-8964460 placeholder-show eael-contact-form-align-default\">\n<div class=\"wpcf7 no-js\" id=\"wpcf7-f1571-o1\" lang=\"es-ES\" dir=\"ltr\" data-wpcf7-id=\"1571\">\n<div class=\"screen-reader-response\"><p role=\"status\" aria-live=\"polite\" aria-atomic=\"true\"><\/p> <ul><\/ul><\/div>\n<form action=\"\/fepan\/wp-json\/wp\/v2\/pages\/1795#wpcf7-f1571-o1\" method=\"post\" class=\"wpcf7-form init\" aria-label=\"Formulario de contacto\" novalidate=\"novalidate\" data-status=\"init\">\n<fieldset class=\"hidden-fields-container\"><input type=\"hidden\" name=\"_wpcf7\" value=\"1571\" \/><input type=\"hidden\" name=\"_wpcf7_version\" value=\"6.1.5\" \/><input type=\"hidden\" name=\"_wpcf7_locale\" value=\"es_ES\" \/><input type=\"hidden\" name=\"_wpcf7_unit_tag\" value=\"wpcf7-f1571-o1\" \/><input type=\"hidden\" name=\"_wpcf7_container_post\" value=\"0\" \/><input type=\"hidden\" name=\"_wpcf7_posted_data_hash\" value=\"\" \/><input type=\"hidden\" name=\"_wpcf7_recaptcha_response\" value=\"\" \/>\n<\/fieldset>\n<p><span id=\"wpcf7-69f37c709139c-wrapper\" class=\"wpcf7-form-control-wrap miel-email-wrap\" style=\"display:none !important; visibility:hidden !important;\"><label for=\"wpcf7-69f37c709139c-field\" class=\"hp-message\">Por favor, deja este campo vac\u00edo.<\/label><input id=\"wpcf7-69f37c709139c-field\"  class=\"wpcf7-form-control wpcf7-text\" type=\"text\" name=\"miel-email\" value=\"\" size=\"40\" tabindex=\"-1\" autocomplete=\"new-password\" \/><\/span>\n<\/p>\n<div class=\"formularioSoluciones\">\n\t<div class=\"campos\">\n\t\t<p><span class=\"wpcf7-form-control-wrap\" data-name=\"your-name\"><input size=\"40\" maxlength=\"400\" class=\"wpcf7-form-control wpcf7-text wpcf7-validates-as-required campo-50\" aria-required=\"true\" aria-invalid=\"false\" placeholder=\"Nombre*\" value=\"\" type=\"text\" name=\"your-name\" \/><\/span>\n\t\t<\/p>\n\t<\/div>\n\t<div class=\"campos\">\n\t\t<p><span class=\"wpcf7-form-control-wrap\" data-name=\"your-sname\"><input size=\"40\" maxlength=\"400\" class=\"wpcf7-form-control wpcf7-text wpcf7-validates-as-required\" aria-required=\"true\" aria-invalid=\"false\" placeholder=\"Apellidos*\" value=\"\" type=\"text\" name=\"your-sname\" \/><\/span>\n\t\t<\/p>\n\t<\/div>\n\t<div class=\"campos\">\n\t\t<p><span class=\"wpcf7-form-control-wrap\" data-name=\"your-email\"><input size=\"40\" maxlength=\"400\" class=\"wpcf7-form-control wpcf7-email wpcf7-validates-as-required wpcf7-text wpcf7-validates-as-email campo-50\" aria-required=\"true\" aria-invalid=\"false\" placeholder=\"Email*\" value=\"\" type=\"email\" name=\"your-email\" \/><\/span>\n\t\t<\/p>\n\t<\/div>\n\t<div class=\"campos\">\n\t\t<p><span class=\"wpcf7-form-control-wrap\" data-name=\"your-phone\"><input size=\"40\" maxlength=\"400\" class=\"wpcf7-form-control wpcf7-tel wpcf7-validates-as-required wpcf7-text wpcf7-validates-as-tel campo-50\" aria-required=\"true\" aria-invalid=\"false\" placeholder=\"Tel\u00e9fono*\" value=\"\" type=\"tel\" name=\"your-phone\" \/><\/span>\n\t\t<\/p>\n\t<\/div>\n\t<div class=\"campos\">\n\t\t<p><span class=\"wpcf7-form-control-wrap\" data-name=\"nombre-de-la-empresa\"><input size=\"40\" maxlength=\"400\" class=\"wpcf7-form-control wpcf7-text wpcf7-validates-as-required campo-50\" aria-required=\"true\" aria-invalid=\"false\" placeholder=\"Nombre de la empresa*\" value=\"\" type=\"text\" name=\"nombre-de-la-empresa\" \/><\/span>\n\t\t<\/p>\n\t<\/div>\n\t<div class=\"campos\">\n\t\t<p><span class=\"wpcf7-form-control-wrap\" data-name=\"numero-de-trabajadores\"><input size=\"40\" maxlength=\"400\" class=\"wpcf7-form-control wpcf7-text wpcf7-validates-as-required\" aria-required=\"true\" aria-invalid=\"false\" placeholder=\"N\u00ba de trabajadores*\" value=\"\" type=\"text\" name=\"numero-de-trabajadores\" \/><\/span>\n\t\t<\/p>\n\t<\/div>\n\t<div class=\"campoTexto\">\n\t\t<p><span class=\"wpcf7-form-control-wrap\" data-name=\"textarea-82\"><textarea cols=\"40\" rows=\"10\" maxlength=\"2000\" class=\"wpcf7-form-control wpcf7-textarea campo-100\" aria-invalid=\"false\" placeholder=\"Escriba su mensaje...\" name=\"textarea-82\"><\/textarea><\/span>\n\t\t<\/p>\n\t<\/div>\n<\/div>\n<p style=\"font-weight: light; font-size: 12px; line-height: 12px; color: white;\">AndalBrok tratar\u00e1 los datos personales con el fin de gestionar su solicitud de informaci\u00f3n, en base a esta relaci\u00f3n precontractual. Tiene derecho a acceder, rectificar y suprimir los datos, as\u00ed como otros derechos. M\u00e1s informaci\u00f3n sobre este tratamiento y sus derechos en nuestra <u><a style=\"color: white;\" href=\"https:\/\/andalbrok.es\/politica-de-privacidad\" target=\"_blank\" rel=\"nofollow noopener noreferrer\">pol\u00edtica de privacidad<\/a><\/u>.\n<\/p>\n<p><span class=\"wpcf7-form-control-wrap\" data-name=\"acceptance-554\"><span class=\"wpcf7-form-control wpcf7-acceptance\"><span class=\"wpcf7-list-item\"><label><input type=\"checkbox\" name=\"acceptance-554\" value=\"1\" class=\"text-privacity\" aria-invalid=\"false\" \/><span class=\"wpcf7-list-item-label\">Comprendo y acepto estos t\u00e9rminos y la pol\u00edtica de privacidad<\/span><\/label><\/span><\/span><\/span>\n<\/p>\n<p><input class=\"wpcf7-form-control wpcf7-submit has-spinner enviarcuadrodetexto2\" type=\"submit\" value=\"Enviar\" \/>\n<\/p><div class=\"wpcf7-response-output\" aria-hidden=\"true\"><\/div>\n<\/form>\n<\/div>\n<\/div>\n            <\/div>\t\t\t\t<\/div>\n\t\t\t\t<\/div>\n\t\t\t\t\t<\/div>\n\t\t<\/div>\n\t\t\t\t\t<\/div>\n\t\t<\/section>\n\t\t\t\t<\/div>\n\t\t","protected":false},"excerpt":{"rendered":"<p>P\u00d3LIZA DE ASISTENCIA SANITARIACOBERTURA COMPLETA Oferta exclusiva de Seguro de Asistencia Sanitaria para FEPAN, Fabricantes de Pan de Sevilla y Provincia OFERTA DE SEGURO DE SALUD (Contrataci\u00f3n empresas) Asistencia Sanitaria Cuadro M\u00e9dico. Sin Copagos. Urgencias hospitalarias y ambulatorias. Medicina general y Enfermer\u00eda Especialidades M\u00e9dicas. Pruebas diagn\u00f3sticas, incluidas las de alta tecnolog\u00eda. Desgravaci\u00f3n fiscal. Oferta extensible [&hellip;]<\/p>\n","protected":false},"author":1,"featured_media":0,"parent":0,"menu_order":0,"comment_status":"closed","ping_status":"closed","template":"","meta":{"site-sidebar-layout":"no-sidebar","site-content-layout":"page-builder","ast-site-content-layout":"default","site-content-style":"default","site-sidebar-style":"default","ast-global-header-display":"","ast-banner-title-visibility":"","ast-main-header-display":"","ast-hfb-above-header-display":"","ast-hfb-below-header-display":"","ast-hfb-mobile-header-display":"","site-post-title":"disabled","ast-breadcrumbs-content":"","ast-featured-img":"disabled","footer-sml-layout":"","ast-disable-related-posts":"","theme-transparent-header-meta":"","adv-header-id-meta":"","stick-header-meta":"","header-above-stick-meta":"","header-main-stick-meta":"","header-below-stick-meta":"","astra-migrate-meta-layouts":"default","ast-page-background-enabled":"default","ast-page-background-meta":{"desktop":{"background-color":"","background-image":"","background-repeat":"repeat","background-position":"center center","background-size":"auto","background-attachment":"scroll","background-type":"","background-media":"","overlay-type":"","overlay-color":"","overlay-opacity":"","overlay-gradient":""},"tablet":{"background-color":"","background-image":"","background-repeat":"repeat","background-position":"center center","background-size":"auto","background-attachment":"scroll","background-type":"","background-media":"","overlay-type":"","overlay-color":"","overlay-opacity":"","overlay-gradient":""},"mobile":{"background-color":"","background-image":"","background-repeat":"repeat","background-position":"center center","background-size":"auto","background-attachment":"scroll","background-type":"","background-media":"","overlay-type":"","overlay-color":"","overlay-opacity":"","overlay-gradient":""}},"ast-content-background-meta":{"desktop":{"background-color":"var(--ast-global-color-5)","background-image":"","background-repeat":"repeat","background-position":"center center","background-size":"auto","background-attachment":"scroll","background-type":"","background-media":"","overlay-type":"","overlay-color":"","overlay-opacity":"","overlay-gradient":""},"tablet":{"background-color":"var(--ast-global-color-5)","background-image":"","background-repeat":"repeat","background-position":"center center","background-size":"auto","background-attachment":"scroll","background-type":"","background-media":"","overlay-type":"","overlay-color":"","overlay-opacity":"","overlay-gradient":""},"mobile":{"background-color":"var(--ast-global-color-5)","background-image":"","background-repeat":"repeat","background-position":"center center","background-size":"auto","background-attachment":"scroll","background-type":"","background-media":"","overlay-type":"","overlay-color":"","overlay-opacity":"","overlay-gradient":""}},"footnotes":""},"class_list":["post-1795","page","type-page","status-publish","hentry"],"_links":{"self":[{"href":"https:\/\/andalbrok.es\/fepan\/wp-json\/wp\/v2\/pages\/1795","targetHints":{"allow":["GET"]}}],"collection":[{"href":"https:\/\/andalbrok.es\/fepan\/wp-json\/wp\/v2\/pages"}],"about":[{"href":"https:\/\/andalbrok.es\/fepan\/wp-json\/wp\/v2\/types\/page"}],"author":[{"embeddable":true,"href":"https:\/\/andalbrok.es\/fepan\/wp-json\/wp\/v2\/users\/1"}],"replies":[{"embeddable":true,"href":"https:\/\/andalbrok.es\/fepan\/wp-json\/wp\/v2\/comments?post=1795"}],"version-history":[{"count":10,"href":"https:\/\/andalbrok.es\/fepan\/wp-json\/wp\/v2\/pages\/1795\/revisions"}],"predecessor-version":[{"id":1989,"href":"https:\/\/andalbrok.es\/fepan\/wp-json\/wp\/v2\/pages\/1795\/revisions\/1989"}],"wp:attachment":[{"href":"https:\/\/andalbrok.es\/fepan\/wp-json\/wp\/v2\/media?parent=1795"}],"curies":[{"name":"wp","href":"https:\/\/api.w.org\/{rel}","templated":true}]}}