{"id":5852,"date":"2025-06-25T18:16:27","date_gmt":"2025-06-25T18:16:27","guid":{"rendered":"https:\/\/andalbrok.es\/satse\/?page_id=5852"},"modified":"2025-06-25T18:38:37","modified_gmt":"2025-06-25T18:38:37","slug":"condiciones-promocion-tu-ya-lo-tienes-trae-a-tu-familia-2025","status":"publish","type":"page","link":"https:\/\/andalbrok.es\/satse\/inclusion-asegurados-satse\/condiciones-promocion-tu-ya-lo-tienes-trae-a-tu-familia-2025\/","title":{"rendered":"Condiciones Promoci\u00f3n &#8220;T\u00fa ya lo tienes, trae a tu familia&#8221; 2025"},"content":{"rendered":"\t\t<div data-elementor-type=\"wp-page\" data-elementor-id=\"5852\" class=\"elementor elementor-5852\" data-elementor-post-type=\"page\">\n\t\t\t\t\t\t<section class=\"elementor-section elementor-top-section elementor-element elementor-element-75aa677 elementor-section-full_width elementor-section-height-min-height fila-slider elementor-section-height-default elementor-section-items-middle\" data-id=\"75aa677\" data-element_type=\"section\" data-e-type=\"section\" id=\"Slider\">\n\t\t\t\t\t\t<div class=\"elementor-container elementor-column-gap-default\">\n\t\t\t\t\t<div class=\"elementor-column elementor-col-100 elementor-top-column elementor-element elementor-element-3c70d4a\" data-id=\"3c70d4a\" data-element_type=\"column\" data-e-type=\"column\">\n\t\t\t<div class=\"elementor-widget-wrap elementor-element-populated\">\n\t\t\t\t\t\t<div class=\"elementor-element elementor-element-956763b elementor--h-position-center elementor--v-position-middle elementor-widget elementor-widget-slides\" data-id=\"956763b\" data-element_type=\"widget\" data-e-type=\"widget\" data-settings=\"{&quot;navigation&quot;:&quot;none&quot;,&quot;transition_speed&quot;:1000,&quot;transition&quot;:&quot;slide&quot;}\" data-widget_type=\"slides.default\">\n\t\t\t\t<div class=\"elementor-widget-container\">\n\t\t\t\t\t\t\t\t\t<div class=\"elementor-swiper\">\n\t\t\t\t\t<div class=\"elementor-slides-wrapper elementor-main-swiper swiper\" role=\"region\" aria-roledescription=\"carousel\" aria-label=\"Diapositivas\" dir=\"ltr\" data-animation=\"\">\n\t\t\t\t<div class=\"swiper-wrapper elementor-slides\">\n\t\t\t\t\t\t\t\t\t\t<div class=\"elementor-repeater-item-a49717f swiper-slide\" role=\"group\" aria-roledescription=\"slide\"><div class=\"swiper-slide-bg\" role=\"img\" aria-label=\"Dad, mom and two cute daughters lie on the carpet on the floor in the living room and take a selfie on a smartphone. Happy family have fun together.\"><\/div><div class=\"elementor-background-overlay\"><\/div><div class=\"swiper-slide-inner\" ><div class=\"swiper-slide-contents\"><div class=\"elementor-slide-heading\"><h1 style=\"color:#FFFFFF\">ADESLAS COMPLETA<\/h1>Incluye a un familiar directo y ah\u00f3rrate un mes.<\/div><div class=\"elementor-slide-description\">Ahora si incluyes a un familiar directo en tu p\u00f3liza de Adeslas Completa, adem\u00e1s de disfrutar de las mismas condiciones que t\u00fa, te ahorras la prima del primer mes de la inclusi\u00f3n<\/div><\/div><\/div><\/div>\t\t\t\t<\/div>\n\t\t\t\t\t\t\t<\/div>\n\t\t\t\t<\/div>\n\t\t\t\t\t\t\t\t<\/div>\n\t\t\t\t<\/div>\n\t\t\t\t\t<\/div>\n\t\t<\/div>\n\t\t\t\t\t<\/div>\n\t\t<\/section>\n\t\t\t\t<section class=\"elementor-section elementor-top-section elementor-element elementor-element-5c4491e elementor-section-boxed elementor-section-height-default elementor-section-height-default\" data-id=\"5c4491e\" data-element_type=\"section\" data-e-type=\"section\">\n\t\t\t\t\t\t<div class=\"elementor-container elementor-column-gap-default\">\n\t\t\t\t\t<div class=\"elementor-column elementor-col-100 elementor-top-column elementor-element elementor-element-bfcdc98\" data-id=\"bfcdc98\" data-element_type=\"column\" data-e-type=\"column\">\n\t\t\t<div class=\"elementor-widget-wrap elementor-element-populated\">\n\t\t\t\t\t\t<div class=\"elementor-element elementor-element-150a28f elementor-widget-divider--view-line elementor-widget elementor-widget-divider\" data-id=\"150a28f\" data-element_type=\"widget\" data-e-type=\"widget\" data-widget_type=\"divider.default\">\n\t\t\t\t<div class=\"elementor-widget-container\">\n\t\t\t\t\t\t\t<div class=\"elementor-divider\">\n\t\t\t<span class=\"elementor-divider-separator\">\n\t\t\t\t\t\t<\/span>\n\t\t<\/div>\n\t\t\t\t\t\t<\/div>\n\t\t\t\t<\/div>\n\t\t\t\t\t<\/div>\n\t\t<\/div>\n\t\t\t\t\t<\/div>\n\t\t<\/section>\n\t\t\t\t<section class=\"elementor-section elementor-top-section elementor-element elementor-element-4597d23 elementor-section-boxed elementor-section-height-default elementor-section-height-default\" data-id=\"4597d23\" data-element_type=\"section\" data-e-type=\"section\">\n\t\t\t\t\t\t<div class=\"elementor-container elementor-column-gap-default\">\n\t\t\t\t\t<div class=\"elementor-column elementor-col-100 elementor-top-column elementor-element elementor-element-820e9e1\" data-id=\"820e9e1\" data-element_type=\"column\" data-e-type=\"column\">\n\t\t\t<div class=\"elementor-widget-wrap elementor-element-populated\">\n\t\t\t\t\t\t<div class=\"elementor-element elementor-element-276513a elementor-widget elementor-widget-heading\" data-id=\"276513a\" data-element_type=\"widget\" data-e-type=\"widget\" data-widget_type=\"heading.default\">\n\t\t\t\t<div class=\"elementor-widget-container\">\n\t\t\t\t\t<h2 class=\"elementor-heading-title elementor-size-default\">Condiciones de la promoci\u00f3n 2025<\/h2>\t\t\t\t<\/div>\n\t\t\t\t<\/div>\n\t\t\t\t\t<\/div>\n\t\t<\/div>\n\t\t\t\t\t<\/div>\n\t\t<\/section>\n\t\t\t\t<section class=\"elementor-section elementor-top-section elementor-element elementor-element-ca642d6 elementor-section-boxed elementor-section-height-default elementor-section-height-default\" data-id=\"ca642d6\" data-element_type=\"section\" data-e-type=\"section\">\n\t\t\t\t\t\t<div class=\"elementor-container elementor-column-gap-default\">\n\t\t\t\t\t<div class=\"elementor-column elementor-col-100 elementor-top-column elementor-element elementor-element-1e88b6b\" data-id=\"1e88b6b\" data-element_type=\"column\" data-e-type=\"column\">\n\t\t\t<div class=\"elementor-widget-wrap elementor-element-populated\">\n\t\t\t\t\t\t<div class=\"elementor-element elementor-element-b2803f0 elementor-widget elementor-widget-text-editor\" data-id=\"b2803f0\" data-element_type=\"widget\" data-e-type=\"widget\" data-widget_type=\"text-editor.default\">\n\t\t\t\t<div class=\"elementor-widget-container\">\n\t\t\t\t\t\t\t\t\t<p>La promoci\u00f3n \u201cT\u00fa ya lo tienes, trae a tu familia\u201d consiste en la devoluci\u00f3n del importe del primer mes de la parte del recibo correspondiente al\/los nuevo\/s asegurado\/s que se incluyan en la p\u00f3liza si se cumplen las siguientes condiciones:<\/p><ul><li>Promoci\u00f3n v\u00e1lida para inclusiones con fecha de efecto 01\/07\/2025, 01\/08\/2025 y 01\/09\/2025 y para solicitudes recibidas antes del 31\/08\/2024.<\/li><li>Para beneficiarse de la promoci\u00f3n, la inclusi\u00f3n debe solicitarse mediante la plataforma de contrataci\u00f3n online de AndalBrok.<\/li><li>La inclusi\u00f3n del nuevo asegurado\/s debe ser en la p\u00f3liza de Asistencia Sanitaria Adeslas Completa SATSE.<\/li><li>Los familiares directos a los que se puede incluir en la p\u00f3liza son, c\u00f3nyuge o pareja de hecho e hijos que convivan en el mismo domicilio. Es imprescindible que el\/la afiliada a SATSE se mantenga como asegurada en la p\u00f3liza.\u00a0<\/li><li>El beneficio de esta promoci\u00f3n consiste en la devoluci\u00f3n del importe del primer mes de la parte del recibo correspondiente al nuevo asegurado.<\/li><li>La devoluci\u00f3n del mes se realizar\u00e1 mediante extorno en la cuenta bancaria en la que se cargan los recibos de la p\u00f3liza y tendr\u00e1 lugar durante los primeros diez d\u00edas del mes de <strong>DICIEMBRE DE 2025.<\/strong><\/li><li>Es imprescindible que, en el momento del extorno, tanto la p\u00f3liza como el nuevo asegurado beneficiario de la promoci\u00f3n, est\u00e9n en vigor y sin fecha de anulaci\u00f3n prevista a 1 de enero de 2026.<\/li><li>Los beneficios de esta promoci\u00f3n se extinguen con el vencimiento de la p\u00f3liza el 31\/12\/2025 no siendo renovados en sucesivas renovaciones de la p\u00f3liza.<\/li><li>Promoci\u00f3n no acumulable a otras campa\u00f1as de AndalBrok Corredur\u00eda de Seguros.<\/li><li>Edad m\u00e1xima de contrataci\u00f3n: 65 a\u00f1os<\/li><\/ul><p><strong><em>Andalbrok Corredur\u00eda de Seguros se reserva el derecho a modificar total o parcialmente la presente promoci\u00f3n (incluyendo, modificando o eliminando) sin asumir responsabilidad alguna por tales modificaciones, comprometi\u00e9ndose a publicar en la web con suficiente antelaci\u00f3n las nuevas bases y condiciones de participaci\u00f3n.\u00a0<\/em><\/strong><\/p>\t\t\t\t\t\t\t\t<\/div>\n\t\t\t\t<\/div>\n\t\t\t\t\t<\/div>\n\t\t<\/div>\n\t\t\t\t\t<\/div>\n\t\t<\/section>\n\t\t\t\t<\/div>\n\t\t","protected":false},"excerpt":{"rendered":"<p>ADESLAS COMPLETA Incluye a un familiar directo y ah\u00f3rrate un mes.Ahora si incluyes a un familiar directo en tu p\u00f3liza de Adeslas Completa, adem\u00e1s de disfrutar de las mismas condiciones que t\u00fa, te ahorras la prima del primer mes de la inclusi\u00f3n Condiciones de la promoci\u00f3n 2025 La promoci\u00f3n \u201cT\u00fa ya lo tienes, trae a [&hellip;]<\/p>\n","protected":false},"author":1,"featured_media":0,"parent":4166,"menu_order":0,"comment_status":"closed","ping_status":"closed","template":"elementor_header_footer","meta":{"site-sidebar-layout":"no-sidebar","site-content-layout":"page-builder","ast-site-content-layout":"default","site-content-style":"default","site-sidebar-style":"default","ast-global-header-display":"","ast-banner-title-visibility":"","ast-main-header-display":"","ast-hfb-above-header-display":"","ast-hfb-below-header-display":"","ast-hfb-mobile-header-display":"","site-post-title":"disabled","ast-breadcrumbs-content":"","ast-featured-img":"disabled","footer-sml-layout":"","ast-disable-related-posts":"","theme-transparent-header-meta":"default","adv-header-id-meta":"","stick-header-meta":"","header-above-stick-meta":"","header-main-stick-meta":"","header-below-stick-meta":"","astra-migrate-meta-layouts":"default","ast-page-background-enabled":"default","ast-page-background-meta":{"desktop":{"background-color":"","background-image":"","background-repeat":"repeat","background-position":"center center","background-size":"auto","background-attachment":"scroll","background-type":"","background-media":"","overlay-type":"","overlay-color":"","overlay-opacity":"","overlay-gradient":""},"tablet":{"background-color":"","background-image":"","background-repeat":"repeat","background-position":"center center","background-size":"auto","background-attachment":"scroll","background-type":"","background-media":"","overlay-type":"","overlay-color":"","overlay-opacity":"","overlay-gradient":""},"mobile":{"background-color":"","background-image":"","background-repeat":"repeat","background-position":"center center","background-size":"auto","background-attachment":"scroll","background-type":"","background-media":"","overlay-type":"","overlay-color":"","overlay-opacity":"","overlay-gradient":""}},"ast-content-background-meta":{"desktop":{"background-color":"var(--ast-global-color-5)","background-image":"","background-repeat":"repeat","background-position":"center center","background-size":"auto","background-attachment":"scroll","background-type":"","background-media":"","overlay-type":"","overlay-color":"","overlay-opacity":"","overlay-gradient":""},"tablet":{"background-color":"var(--ast-global-color-5)","background-image":"","background-repeat":"repeat","background-position":"center center","background-size":"auto","background-attachment":"scroll","background-type":"","background-media":"","overlay-type":"","overlay-color":"","overlay-opacity":"","overlay-gradient":""},"mobile":{"background-color":"var(--ast-global-color-5)","background-image":"","background-repeat":"repeat","background-position":"center center","background-size":"auto","background-attachment":"scroll","background-type":"","background-media":"","overlay-type":"","overlay-color":"","overlay-opacity":"","overlay-gradient":""}},"footnotes":""},"class_list":["post-5852","page","type-page","status-publish","hentry"],"_links":{"self":[{"href":"https:\/\/andalbrok.es\/satse\/wp-json\/wp\/v2\/pages\/5852","targetHints":{"allow":["GET"]}}],"collection":[{"href":"https:\/\/andalbrok.es\/satse\/wp-json\/wp\/v2\/pages"}],"about":[{"href":"https:\/\/andalbrok.es\/satse\/wp-json\/wp\/v2\/types\/page"}],"author":[{"embeddable":true,"href":"https:\/\/andalbrok.es\/satse\/wp-json\/wp\/v2\/users\/1"}],"replies":[{"embeddable":true,"href":"https:\/\/andalbrok.es\/satse\/wp-json\/wp\/v2\/comments?post=5852"}],"version-history":[{"count":7,"href":"https:\/\/andalbrok.es\/satse\/wp-json\/wp\/v2\/pages\/5852\/revisions"}],"predecessor-version":[{"id":5859,"href":"https:\/\/andalbrok.es\/satse\/wp-json\/wp\/v2\/pages\/5852\/revisions\/5859"}],"up":[{"embeddable":true,"href":"https:\/\/andalbrok.es\/satse\/wp-json\/wp\/v2\/pages\/4166"}],"wp:attachment":[{"href":"https:\/\/andalbrok.es\/satse\/wp-json\/wp\/v2\/media?parent=5852"}],"curies":[{"name":"wp","href":"https:\/\/api.w.org\/{rel}","templated":true}]}}